{"id":964,"date":"2017-07-14T15:41:16","date_gmt":"2017-07-14T13:41:16","guid":{"rendered":"http:\/\/www.birds-online.de\/wp\/?page_id=964"},"modified":"2024-03-23T06:21:57","modified_gmt":"2024-03-23T05:21:57","slug":"8-tag","status":"publish","type":"page","link":"https:\/\/www.birds-online.de\/wp\/bo\/zucht\/werdegang-eines-wellensittichkuekens\/8-tag\/","title":{"rendered":"8. Tag"},"content":{"rendered":"\t\t\t<!-- Flexy Breadcrumb -->\r\n\t\t\t<div class=\"fbc fbc-page\">\r\n\r\n\t\t\t\t<!-- Breadcrumb wrapper -->\r\n\t\t\t\t<div class=\"fbc-wrap\">\r\n\r\n\t\t\t\t\t<!-- Ordered list-->\r\n\t\t\t\t\t<ol class=\"fbc-items\" itemscope itemtype=\"https:\/\/schema.org\/BreadcrumbList\">\r\n\t\t\t\t\t\t            <li itemprop=\"itemListElement\" itemscope itemtype=\"https:\/\/schema.org\/ListItem\">\r\n                <span itemprop=\"name\">\r\n                    <!-- Home Link -->\r\n                    <a itemprop=\"item\" href=\"https:\/\/www.birds-online.de\/wp\">\r\n                    \r\n                                                    <i class=\"fa fa-home\" aria-hidden=\"true\"><\/i>                    <\/a>\r\n                <\/span>\r\n                <meta itemprop=\"position\" content=\"1\" \/><!-- Meta Position-->\r\n             <\/li><li><span class=\"fbc-separator\">>><\/span><\/li><li class=\"active\" itemprop=\"itemListElement\" itemscope itemtype=\"https:\/\/schema.org\/ListItem\"><span itemprop=\"name\" title=\"8. Tag\">8. Tag<\/span><meta itemprop=\"position\" content=\"2\" \/><\/li>\t\t\t\t\t<\/ol>\r\n\t\t\t\t\t<div class=\"clearfix\"><\/div>\r\n\t\t\t\t<\/div>\r\n\t\t\t<\/div>\r\n\t\t\t\n\n\n\n<h2 class=\"wp-block-heading\">8. Tag im Leben eines Wellensittichk\u00fckens<\/h2>\n\n\n<div class=\"wp-block-image\">\n<figure class=\"alignright\"><a href=\"https:\/\/www.birds-online.de\/wp-content\/uploads\/2020\/04\/werdegang_kueken_tag8_01.jpg\" data-src=\"https:\/\/www.birds-online.de\/wp-content\/uploads\/2020\/04\/werdegang_kueken_tag8_01.jpg\" data-thumb=\"https:\/\/www.birds-online.de\/wp-content\/uploads\/2020\/04\/werdegang_kueken_tag8_01-300x225.jpg\" class=\"ml-lightbox-enabled\"><img loading=\"lazy\" decoding=\"async\" width=\"300\" height=\"225\" src=\"https:\/\/www.birds-online.de\/wp-content\/uploads\/2020\/04\/werdegang_kueken_tag8_01-300x225.jpg\" alt=\"Am R\u00fccken brechen die ersten Federn durch die Haut\" class=\"wp-image-15646\" srcset=\"https:\/\/www.birds-online.de\/wp-content\/uploads\/2020\/04\/werdegang_kueken_tag8_01-300x225.jpg 300w, https:\/\/www.birds-online.de\/wp-content\/uploads\/2020\/04\/werdegang_kueken_tag8_01-768x576.jpg 768w, https:\/\/www.birds-online.de\/wp-content\/uploads\/2020\/04\/werdegang_kueken_tag8_01-700x525.jpg 700w, https:\/\/www.birds-online.de\/wp-content\/uploads\/2020\/04\/werdegang_kueken_tag8_01.jpg 800w\" sizes=\"auto, (max-width: 300px) 100vw, 300px\" \/><\/a><figcaption class=\"wp-element-caption\">Am R\u00fccken brechen die ersten Federn durch die Haut<\/figcaption><\/figure>\n<\/div>\n\n\n<p>Der kleine Wonneproppen scheint immer dicker zu werden, und gleichzeitig haben die F\u00fc\u00dfe einen ordentlichen Wachstumsschub hinter sich. Sie sehen im Vergleich zum K\u00f6rper sehr gro\u00df aus. Die Augen sind gelegentlich f\u00fcr einige Sekunden weit ge\u00f6ffnet. Meist h\u00e4lt der Nestling sie jedoch noch immer geschlossen. Und das ist auch gut so. W\u00e4hrend der K\u00f6rper rasant w\u00e4chst, vergr\u00f6\u00dfert sich auch das Gehirn des jungen Wellensittichs. Es arbeitet bereits seit dem Schl\u00fcpfen und der Vogel lernt. Allerdings ist er in der jetzigen Lebensphase noch nicht allzu aufnahmef\u00e4hig und braucht viel Ruhe. W\u00fcrde er w\u00e4hrend er wach ist ganz bewusst seine Umgebung anschauen, w\u00e4re das eine regelrechte Reiz\u00fcberflutung f\u00fcr sein noch reifendes Gehirn. Deshalb sollten sehr junge Wellensittiche auch nur zum Reinigen des Nistkastens in die Hand genommen werden. So gern man sie auch knuddeln m\u00f6chte \u2013 sie brauchen noch Zeit, um daf\u00fcr reif genug zu werden.<\/p>\n\n\n\n<p>Hin und wieder g\u00e4hnt das Jungtier herzhaft und rei\u00dft dabei seinen inzwischen ziemlich gro\u00dfen Schnabel weit auf. Der Eizahn ist nahezu vollst\u00e4ndig verschwunden, er befindet sich nun an der unteren Spitze des Oberschnabels und ist kaum mehr zu sehen.\u00a0Um das Gleichgewicht besser halten zu k\u00f6nnen, rudert der Jungvogel oft mit den Fl\u00fcgeln, mit denen er manchmal sogar schon relativ kr\u00e4ftig schl\u00e4gt \u2013 fr\u00fch \u00fcbt sich! Am gesamten K\u00f6rper brechen die ersten Dunen durch, die entweder grau oder wei\u00df gef\u00e4rbt sind &#8211; je nach sp\u00e4terem Farbschlag beziehungsweise je nach Menge der Dunkelfaktoren des Vogels, siehe <a href=\"https:\/\/www.birds-online.de\/wp\/bo\/zucht\/werdegang-eines-wellensittichkuekens\/6-tag\/\">Beschreibung des 6. Lebenstages<\/a>. Dieses Federwachstum scheint mit starkem Juckreiz verbunden zu sein, denn das V\u00f6gelchen kratzt sich oft ausgiebig oder reibt mit seinem Schnabel \u00fcber die Haut.<\/p>\n\n\n\n<p>Zudem sei hierzu noch anzumerken, dass bei einigen K\u00fcken die Dunen erst sp\u00e4ter wachsen. Falls sich also bei einem Jungvogel heute noch keine Dunen oder Federn unter der Haut abzeichnen, besteht erst einmal kein Grund zur Sorge.<\/p>\n\n\n\n<div class=\"wp-block-group\"><div class=\"wp-block-group__inner-container is-layout-constrained wp-block-group-is-layout-constrained\">\n<div style=\"height:40px\" aria-hidden=\"true\" class=\"wp-block-spacer\"><\/div>\n\n\n\n<div class=\"wp-block-columns is-layout-flex wp-container-core-columns-is-layout-9d6595d7 wp-block-columns-is-layout-flex\">\n<div class=\"wp-block-column is-vertically-aligned-bottom is-layout-flow wp-block-column-is-layout-flow\" style=\"flex-basis:18%\">\n<p><a href=\"https:\/\/www.birds-online.de\/wp\/bo\/zucht\/werdegang-eines-wellensittichkuekens\/7-tag\/\">\u2190 vorheriger Tag<\/a><\/p>\n<\/div>\n\n\n\n<div class=\"wp-block-column is-vertically-aligned-bottom is-layout-flow wp-block-column-is-layout-flow\" style=\"flex-basis:16.67%\">\n<figure class=\"wp-block-image size-full is-resized\"><img loading=\"lazy\" decoding=\"async\" width=\"93\" height=\"150\" src=\"https:\/\/www.birds-online.de\/wp-content\/uploads\/2020\/03\/kueken_weiter_werdegang.jpg\" alt=\"\" class=\"wp-image-15545\" style=\"width:133px;height:auto\"\/><\/figure>\n<\/div>\n\n\n\n<div class=\"wp-block-column is-vertically-aligned-bottom is-layout-flow wp-block-column-is-layout-flow\" style=\"flex-basis:16.67%\">\n<p><a href=\"https:\/\/www.birds-online.de\/wp\/bo\/zucht\/werdegang-eines-wellensittichkuekens\/9-tag\/\">n\u00e4chster Tag \u2192<\/a><\/p>\n<\/div>\n\n\n\n<div class=\"wp-block-column is-layout-flow wp-block-column-is-layout-flow\" style=\"flex-basis:16.67%\"><\/div>\n\n\n\n<div class=\"wp-block-column is-layout-flow wp-block-column-is-layout-flow\" style=\"flex-basis:16.7%\"><\/div>\n\n\n\n<div class=\"wp-block-column is-layout-flow wp-block-column-is-layout-flow\" style=\"flex-basis:15.3%\"><\/div>\n<\/div>\n\n\n\n<div style=\"height:40px\" aria-hidden=\"true\" class=\"wp-block-spacer\"><\/div>\n<\/div><\/div>\n\n\n\n<p>Titelbild dieser Seite&nbsp;\u00a9 Petra Schr\u00f6der<\/p>\n","protected":false},"excerpt":{"rendered":"<p>8. Tag im Leben eines Wellensittichk\u00fckens<\/p>\n","protected":false},"author":1,"featured_media":15645,"parent":906,"menu_order":10,"comment_status":"closed","ping_status":"closed","template":"","meta":{"footnotes":""},"class_list":["post-964","page","type-page","status-publish","has-post-thumbnail","hentry"],"_links":{"self":[{"href":"https:\/\/www.birds-online.de\/wp\/wp-json\/wp\/v2\/pages\/964","targetHints":{"allow":["GET"]}}],"collection":[{"href":"https:\/\/www.birds-online.de\/wp\/wp-json\/wp\/v2\/pages"}],"about":[{"href":"https:\/\/www.birds-online.de\/wp\/wp-json\/wp\/v2\/types\/page"}],"author":[{"embeddable":true,"href":"https:\/\/www.birds-online.de\/wp\/wp-json\/wp\/v2\/users\/1"}],"replies":[{"embeddable":true,"href":"https:\/\/www.birds-online.de\/wp\/wp-json\/wp\/v2\/comments?post=964"}],"version-history":[{"count":0,"href":"https:\/\/www.birds-online.de\/wp\/wp-json\/wp\/v2\/pages\/964\/revisions"}],"up":[{"embeddable":true,"href":"https:\/\/www.birds-online.de\/wp\/wp-json\/wp\/v2\/pages\/906"}],"wp:featuredmedia":[{"embeddable":true,"href":"https:\/\/www.birds-online.de\/wp\/wp-json\/wp\/v2\/media\/15645"}],"wp:attachment":[{"href":"https:\/\/www.birds-online.de\/wp\/wp-json\/wp\/v2\/media?parent=964"}],"curies":[{"name":"wp","href":"https:\/\/api.w.org\/{rel}","templated":true}]}}

<!-- Flexy Breadcrumb -->
			<div class="fbc fbc-page">

				<!-- Breadcrumb wrapper -->
				<div class="fbc-wrap">

					<!-- Ordered list-->
					<ol class="fbc-items" itemscope itemtype="https://schema.org/BreadcrumbList">
						            <li itemprop="itemListElement" itemscope itemtype="https://schema.org/ListItem">
                <span itemprop="name">
                    <!-- Home Link -->
                    <a itemprop="item" href="https://www.birds-online.de/wp">
                    
                                                    <i class="fa fa-home" aria-hidden="true"></i>                    </a>
                </span>
                <meta itemprop="position" content="1" /><!-- Meta Position-->
             </li><li><span class="fbc-separator">>></span></li><li class="active" itemprop="itemListElement" itemscope itemtype="https://schema.org/ListItem"><span itemprop="name" title="8. Tag">8. Tag</span><meta itemprop="position" content="2" /></li>					</ol>
					<div class="clearfix"></div>
				</div>
			</div>
			



<h2 class="wp-block-heading">8. Tag im Leben eines Wellensittichkükens</h2>


<div class="wp-block-image">
<figure class="alignright"><a href="https://www.birds-online.de/wp-content/uploads/2020/04/werdegang_kueken_tag8_01.jpg" data-src="https://www.birds-online.de/wp-content/uploads/2020/04/werdegang_kueken_tag8_01.jpg" data-thumb="https://www.birds-online.de/wp-content/uploads/2020/04/werdegang_kueken_tag8_01-300x225.jpg" class="ml-lightbox-enabled"><img loading="lazy" decoding="async" width="300" height="225" src="https://www.birds-online.de/wp-content/uploads/2020/04/werdegang_kueken_tag8_01-300x225.jpg" alt="Am Rücken brechen die ersten Federn durch die Haut" class="wp-image-15646" srcset="https://www.birds-online.de/wp-content/uploads/2020/04/werdegang_kueken_tag8_01-300x225.jpg 300w, https://www.birds-online.de/wp-content/uploads/2020/04/werdegang_kueken_tag8_01-768x576.jpg 768w, https://www.birds-online.de/wp-content/uploads/2020/04/werdegang_kueken_tag8_01-700x525.jpg 700w, https://www.birds-online.de/wp-content/uploads/2020/04/werdegang_kueken_tag8_01.jpg 800w" sizes="auto, (max-width: 300px) 100vw, 300px" /></a><figcaption class="wp-element-caption">Am Rücken brechen die ersten Federn durch die Haut</figcaption></figure>
</div>


<p>Der kleine Wonneproppen scheint immer dicker zu werden, und gleichzeitig haben die Füße einen ordentlichen Wachstumsschub hinter sich. Sie sehen im Vergleich zum Körper sehr groß aus. Die Augen sind gelegentlich für einige Sekunden weit geöffnet. Meist hält der Nestling sie jedoch noch immer geschlossen. Und das ist auch gut so. Während der Körper rasant wächst, vergrößert sich auch das Gehirn des jungen Wellensittichs. Es arbeitet bereits seit dem Schlüpfen und der Vogel lernt. Allerdings ist er in der jetzigen Lebensphase noch nicht allzu aufnahmefähig und braucht viel Ruhe. Würde er während er wach ist ganz bewusst seine Umgebung anschauen, wäre das eine regelrechte Reizüberflutung für sein noch reifendes Gehirn. Deshalb sollten sehr junge Wellensittiche auch nur zum Reinigen des Nistkastens in die Hand genommen werden. So gern man sie auch knuddeln möchte – sie brauchen noch Zeit, um dafür reif genug zu werden.</p>



<p>Hin und wieder gähnt das Jungtier herzhaft und reißt dabei seinen inzwischen ziemlich großen Schnabel weit auf. Der Eizahn ist nahezu vollständig verschwunden, er befindet sich nun an der unteren Spitze des Oberschnabels und ist kaum mehr zu sehen. Um das Gleichgewicht besser halten zu können, rudert der Jungvogel oft mit den Flügeln, mit denen er manchmal sogar schon relativ kräftig schlägt – früh übt sich! Am gesamten Körper brechen die ersten Dunen durch, die entweder grau oder weiß gefärbt sind &#8211; je nach späterem Farbschlag beziehungsweise je nach Menge der Dunkelfaktoren des Vogels, siehe <a href="https://www.birds-online.de/wp/bo/zucht/werdegang-eines-wellensittichkuekens/6-tag/">Beschreibung des 6. Lebenstages</a>. Dieses Federwachstum scheint mit starkem Juckreiz verbunden zu sein, denn das Vögelchen kratzt sich oft ausgiebig oder reibt mit seinem Schnabel über die Haut.</p>



<p>Zudem sei hierzu noch anzumerken, dass bei einigen Küken die Dunen erst später wachsen. Falls sich also bei einem Jungvogel heute noch keine Dunen oder Federn unter der Haut abzeichnen, besteht erst einmal kein Grund zur Sorge.</p>



<div class="wp-block-group"><div class="wp-block-group__inner-container is-layout-constrained wp-block-group-is-layout-constrained">
<div style="height:40px" aria-hidden="true" class="wp-block-spacer"></div>



<div class="wp-block-columns is-layout-flex wp-container-core-columns-is-layout-9d6595d7 wp-block-columns-is-layout-flex">
<div class="wp-block-column is-vertically-aligned-bottom is-layout-flow wp-block-column-is-layout-flow" style="flex-basis:18%">
<p><a href="https://www.birds-online.de/wp/bo/zucht/werdegang-eines-wellensittichkuekens/7-tag/">← vorheriger Tag</a></p>
</div>



<div class="wp-block-column is-vertically-aligned-bottom is-layout-flow wp-block-column-is-layout-flow" style="flex-basis:16.67%">
<figure class="wp-block-image size-full is-resized"><img loading="lazy" decoding="async" width="93" height="150" src="https://www.birds-online.de/wp-content/uploads/2020/03/kueken_weiter_werdegang.jpg" alt="" class="wp-image-15545" style="width:133px;height:auto"/></figure>
</div>



<div class="wp-block-column is-vertically-aligned-bottom is-layout-flow wp-block-column-is-layout-flow" style="flex-basis:16.67%">
<p><a href="https://www.birds-online.de/wp/bo/zucht/werdegang-eines-wellensittichkuekens/9-tag/">nächster Tag →</a></p>
</div>



<div class="wp-block-column is-layout-flow wp-block-column-is-layout-flow" style="flex-basis:16.67%"></div>



<div class="wp-block-column is-layout-flow wp-block-column-is-layout-flow" style="flex-basis:16.7%"></div>



<div class="wp-block-column is-layout-flow wp-block-column-is-layout-flow" style="flex-basis:15.3%"></div>
</div>



<div style="height:40px" aria-hidden="true" class="wp-block-spacer"></div>
</div></div>



<p>Titelbild dieser Seite&nbsp;© Petra Schröder</p>

<p>8. Tag im Leben eines Wellensittichkükens</p>
